ate the remainder when 26850126 is divided by 358001.
51
Calculate the remainder when 35717522 is divided by 38.
30
What is the remainder when 224741911 is divided by 11?
9
What is the remainder when 7455 is divided by 3509?
437
Calculate the remainder when 24402429 is divided by 69921.
0
What is the remainder when 18746 is divided by 1871?
36
What is the remainder when 17661260 is divided by 1362?
206
Calculate the remainder when 33129977 is divided by 2810.
77
Calculate the remainder when 1170692 is divided by 97555.
32
What is the remainder when 691650 is divided by 3602?
66
What is the remainder when 1365613 is divided by 4?
1
What is the remainder when 348010557 is divided by 9024?
9021
What is the remainder when 130653 is divided by 307?
178
Calculate the remainder when 667622 is divided by 31500.
6122
What is the remainder when 555947 is divided by 10?
7
Calculate the remainder when 76842 is divided by 89.
35
What is the remainder when 425757 is divided by 141857?
186
What is the remainder when 165337019 is divided by 45?
44
What is the remainder when 2575130 is divided by 22?
8
What is the remainder when 9103971 is divided by 55?
41
What is the remainder when 689737746 is divided by 25?
21
What is the remainder when 463298464 is divided by 1209?
1201
What is the remainder when 777378 is divided by 1478?
1428
Calculate the remainder when 9949 is divided by 1870.
599
Calculate the remainder when 50805 is divided by 4461.
1734
Calculate the remainder when 130851 is divided by 7911.
4275
Calculate the remainder when 4167187 is divided by 694530.
7
What is the remainder when 34364 is divided by 33746?
618
What is the remainder when 24263101 is divided by 59?
0
Calculate the remainder when 24985037 is divided by 5654.
11
What is the remainder when 8082 is divided by 574?
46
Calculate the remainder when 47318766 is divided by 227494.
14
Calculate the remainder when 34520 is divided by 3246.
2060
What is the remainder when 6214854 is divided by 193?
61
Calculate the remainder when 283597 is divided by 94164.
1105
What is the remainder when 102635 is divided by 9272?
643
Calculate the remainder when 10126995 is divided by 51668.
67
What is the remainder when 281211835 is divided by 63?
58
Calculate the remainder when 986167 is divided by 986161.
6
What is the remainder when 2652 is divided by 818?
198
What is the remainder when 33628371 is divided by 560470?
171
What is the remainder when 18893727 is divided by 100?
27
What is the remainder when 277058 is divided by 55337?
373
What is the remainder when 46807498 is divided by 393340?
38
Calculate the remainder when 101633 is divided by 101516.
117
Calculate the remainder when 1259568 is divided by 2039.
1505
Calculate the remainder when 308395 is divided by 14681.
94
Calculate the remainder when 122348743 is divided by 2977.
2974
Calculate the remainder when 1771335 is divided by 1292.
3
What is the remainder when 2002156 is divided by 43?
33
What is the remainder when 38594 is divided by 7237?
2409
What is the remainder when 720844063 is divided by 629?
628
What is the remainder when 19536748 is divided by 416?
140
What is the remainder when 202655 is divided by 9211?
13
What is the remainder when 611994 is divided by 126?
12
What is the remainder when 9810 is divided by 331?
211
Calculate the remainder when 3397518 is divided by 31.
11
What is the remainder when 2336513 is divided by 801?
797
What is the remainder when 211271 is divided by 336?
263
What is the remainder when 263615 is divided by 363?
77
Calculate the remainder when 512511 is divided by 128123.
19
Calculate the remainder when 6732476 is divided by 3738.
338
What is the remainder when 7468 is divided by 106?
48
What is the remainder when 435664033 is divided by 6299?
6296
Calculate the remainder when 343705 is divided by 35.
5
What is the remainder when 17664 is divided by 1958?
42
What is the remainder when 971522 is divided by 1920?
2
Calculate the remainder when 6060153 is divided by 318954.
27
Calculate the remainder when 28403696 is divided by 1234943.
7
Calculate the remainder when 127210 is divided by 50.
10
Calculate the remainder when 3367798 is divided by 1728.
1654
Calculate the remainder when 5125251 is divided by 8929.
5
What is the remainder when 4450731 is divided by 1827?
159
Calculate the remainder when 1814615 is divided by 33.
11
What is the remainder when 1792629 is divided by 179261?
19
What is the remainder when 9970659 is divided by 20?
19
What is the remainder when 33033 is divided by 1920?
393
Calculate the remainder when 620707 is divided by 76.
15
What is the remainder when 126076 is divided by 126040?
36
What is the remainder when 93010130 is divided by 123?
113
What is the remainder when 425674 is divided by 70913?
196
Calculate the remainder when 545928 is divided by 2528.
2408
What is the remainder when 2834226 is divided by 2437?
2432
Calculate the remainder when 59667277 is divided by 738.
715
Calculate the remainder when 102147 is divided by 2844.
2607
What is the remainder when 1014416 is divided by 40566?
266
Calculate the remainder when 39821708 is divided by 1930.
18
Calculate the remainder when 12908027 is divided by 868.
867
What is the remainder when 3314698 is divided by 1657331?
36
Calculate the remainder when 11627171 is divided by 199.
198
What is the remainder when 1818474 is divided by 43296?
42
What is the remainder when 28041 is divided by 553?
391
Calculate the remainder when 428139 is divided by 3791.
3547
Calculate the remainder when 260740 is divided by 1120.
900
Calculate the remainder when 432864 is divided by 33288.
120
Calculate the remainder when 4004280 is divided by 444918.
18
Calculate the remainder when 3862224 is divided by 19.
18
What is the remainder when 13311359 is divided by 720?
719
Calculate the remainder when 5728204 is divided by 20980.
664
Calculate the remainder when 1412101 is divided by 1354.
1233
What is the remainder when 129894 is divided by 64302?
1290
What is the remainder when 11730388 is divided by 690022?
14
Calculate the remainder when 96336 is divided by 5070.
6
Calculate the remainder when 14761980 is divided by 17.
13
What is the remainder when 102074792 is divided by 102074778?
14
What is the remainder when 304945 is divided by 388?
365
What is the remainder when 1501404 is divided by 65?
34
Calculate the remainder when 2588150 is divided by 862708.
26
Calculate the remainder when 3226857263 is divided by 2832.
2831
Calculate the remainder when 15779057 is divided by 1151.
1149
What is the remainder when 3750279 is divided by 107149?
64
What is the remainder when 2398023 is divided by 45?
18
What is the remainder when 364146 is divided by 3524?
1174
Calculate the remainder when 8364860 is divided by 119.
112
What is the remainder when 178392 is divided by 85541?
7310
What is the remainder when 81476 is divided by 6266?
18
Calculate the remainder when 16382 is divided by 5198.
788
What is the remainder when 13360203 is divided by 23986?
1
Calculate the remainder when 10193 is divided by 768.
209
What is the remainder when 836018 is divided by 83600?
18
What is the remainder when 145406620 is divided by 94?
88
Calculate the remainder when 6407429 is divided by 30.
29
What is the remainder when 508240 is divided by 1648?
656
What is the remainder when 14284 is divided by 392?
172
Calculate the remainder when 55182998 is divided by 278702.
2
Calculate the remainder when 260042 is divided by 259038.
1004
Calculate the remainder when 16973536 is divided by 167.
157
Calculate the remainder when 274029209 is divided by 190.
189
What is the remainder when 498036 is divided by 765?
21
Calculate the remainder when 4244 is divided by 1913.
418
What is the remainder when 13333093 is divided by 7077?
25
Calculate the remainder when 582383 is divided by 145594.
7
What is the remainder when 305291 is divided by 295?
261
What is the remainder when 1116351 is divided by 81?
9
Calculate the remainder when 993266 is divided by 80.
66
Calculate the remainder when 90470723 is divided by 1532.
1527
What is the remainder when 1545889 is divided by 171747?
166
Calculate the remainder when 1598865 is divided by 6862.
19
Calculate the remainder when 22968613 is 